{"id":15,"date":"2017-03-27T09:17:05","date_gmt":"2017-03-27T09:17:05","guid":{"rendered":"http:\/\/realitatificcio.com\/?page_id=15"},"modified":"2017-03-27T10:56:39","modified_gmt":"2017-03-27T10:56:39","slug":"altres-continguts","status":"publish","type":"page","link":"https:\/\/realitatificcio.com\/?page_id=15","title":{"rendered":"Altres continguts"},"content":{"rendered":"<p><strong>*1 (Introducci\u00f3) Victor K\u00fcppers 10 min geniales<\/strong><\/p>\n<p><iframe loading=\"lazy\" width=\"525\" height=\"295\" src=\"https:\/\/www.youtube.com\/embed\/wAmVohZsTDA?feature=oembed\" frameborder=\"0\" allowfullscreen><\/iframe><\/p>\n<p><strong>*2 (CAPITOL V) Emilio Dur\u00f3 Optimismo e Ilusi\u00f3n.\u00a0<\/strong><\/p>\n<p><iframe loading=\"lazy\" width=\"525\" height=\"394\" src=\"https:\/\/www.youtube.com\/embed\/JsgoU_oobZM?start=8&#038;feature=oembed\" frameborder=\"0\" allowfullscreen><\/iframe><\/p>\n<p><strong>*3 (CAPITOL XII) Article d\u2019opini\u00f3 de Carles Capdevila (Novembre 2016), Diari Ara: \u201cSense autocr\u00edtica no anirem enlloc\u201d.<\/strong><\/p>\n<p><a href=\"http:\/\/www.ara.cat\/opinio\/autocritica-no-anirem-enlloc_0_1688831162.html\" target=\"_blank\">http:\/\/www.ara.cat\/opinio\/autocritica-no-anirem-enlloc_0_1688831162.html<\/a><\/p>\n<p><strong>*4 (CAPITOL XII) Article d\u2019opini\u00f3 de Carles Capdevila (Novembre 2016), Diari Ara: \u201cOn \u00e9s la veritat\u201d.<\/strong><\/p>\n<p><a href=\"http:\/\/www.ara.cat\/opinio\/veritat_0_1680432009.html\" target=\"_blank\">http:\/\/www.ara.cat\/opinio\/veritat_0_1680432009.html<\/a><\/p>\n<p><strong>*5 (CAPITOL XII) Article de La Vanguardia (Octubre 2016): \u201cLa pareja antes que los hijos\u201d.<\/strong><\/p>\n<p><a href=\"http:\/\/www.lavanguardia.com\/vida\/20161010\/41883819196\/seniors-testamentos-a-favor-conyuge.html\" target=\"_blank\">http:\/\/www.lavanguardia.com\/vida\/20161010\/41883819196\/seniors-testamentos-a-favor-conyuge.html<\/a><\/p>\n","protected":false},"excerpt":{"rendered":"<p>*1 (Introducci\u00f3) Victor K\u00fcppers 10 min geniales *2 (CAPITOL V) Emilio Dur\u00f3 Optimismo e Ilusi\u00f3n.\u00a0 *3 (CAPITOL XII) Article d\u2019opini\u00f3 de Carles Capdevila (Novembre 2016), Diari Ara: \u201cSense autocr\u00edtica no anirem enlloc\u201d. http:\/\/www.ara.cat\/opinio\/autocritica-no-anirem-enlloc_0_1688831162.html *4 (CAPITOL XII) Article d\u2019opini\u00f3 de Carles Capdevila (Novembre 2016), Diari Ara: \u201cOn \u00e9s la veritat\u201d. http:\/\/www.ara.cat\/opinio\/veritat_0_1680432009.html *5 (CAPITOL XII) Article de &hellip; <\/p>\n<p class=\"link-more\"><a href=\"https:\/\/realitatificcio.com\/?page_id=15\" class=\"more-link\">Continuar leyendo<span class=\"screen-reader-text\"> \u00abAltres continguts\u00bb<\/span><\/a><\/p>\n","protected":false},"author":1,"featured_media":0,"parent":0,"menu_order":0,"comment_status":"closed","ping_status":"closed","template":"","meta":{"footnotes":""},"_links":{"self":[{"href":"https:\/\/realitatificcio.com\/index.php?rest_route=\/wp\/v2\/pages\/15"}],"collection":[{"href":"https:\/\/realitatificcio.com\/index.php?rest_route=\/wp\/v2\/pages"}],"about":[{"href":"https:\/\/realitatificcio.com\/index.php?rest_route=\/wp\/v2\/types\/page"}],"author":[{"embeddable":true,"href":"https:\/\/realitatificcio.com\/index.php?rest_route=\/wp\/v2\/users\/1"}],"replies":[{"embeddable":true,"href":"https:\/\/realitatificcio.com\/index.php?rest_route=%2Fwp%2Fv2%2Fcomments&post=15"}],"version-history":[{"count":2,"href":"https:\/\/realitatificcio.com\/index.php?rest_route=\/wp\/v2\/pages\/15\/revisions"}],"predecessor-version":[{"id":78,"href":"https:\/\/realitatificcio.com\/index.php?rest_route=\/wp\/v2\/pages\/15\/revisions\/78"}],"wp:attachment":[{"href":"https:\/\/realitatificcio.com\/index.php?rest_route=%2Fwp%2Fv2%2Fmedia&parent=15"}],"curies":[{"name":"wp","href":"https:\/\/api.w.org\/{rel}","templated":true}]}}